22470826
In base 5, what is -401 + 10240422?
10240021
In base 4, what is -110 - -301101102?
301100332
In base 4, what is -2202313030 + -323?
-2202320013
In base 14, what is 277316 - -21?
277337
In base 6, what is 554542124 + -203?
554541521
In base 14, what is 5d16 - -280b?
8723
In base 9, what is 5138026 - -5?
5138032
In base 3, what is 12 + -122100210121220?
-122100210121201
In base 3, what is -1 - 101222020122211221?
-101222020122211222
In base 13, what is 4 + 52aa41c?
52aa423
In base 10, what is -5793161 + 17?
-5793144
In base 11, what is -41 - -63200?
6316a
In base 3, what is -11200110112202 - -2001?
-11200110110201
In base 8, what is -44706 - 1653?
-46561
In base 12, what is -5921a48b - -1?
-5921a48a
In base 12, what is 0 - -12376260?
12376260
In base 4, what is 200332311 + 201030?
201200001
In base 7, what is -2304325 - -151?
-2304144
In base 3, what is -20102211122122 + -2221?
-20102211202120
In base 13, what is 338c71 + -4?
338c6a
In base 10, what is -15938102 + 5?
-15938097
In base 15, what is a85 - 25a4?
-1a1e
In base 16, what is 2b08 + 2f27?
5a2f
In base 12, what is 33a948 - -b?
33a957
In base 2, what is 100001001011101011 + -110110101?
100001000100110110
In base 7, what is -12336 + -1032120?
-1044456
In base 14, what is 3630dd6 - 4?
3630dd2
In base 9, what is -45148 + 77023?
31764
In base 9, what is 3461 - 1665?
1685
In base 15, what is -3 - 644956?
-644959
In base 7, what is 3105 + 314416?
320524
In base 16, what is 5996a + -227?
59743
In base 8, what is -605576200 - 3?
-605576203
In base 13, what is -3 - 1094622?
-1094625
In base 14, what is -2b1 - -3c5?
114
In base 13, what is -2676357 + 12?
-2676345
In base 3, what is -110202222110221220 + 1?
-110202222110221212
In base 8, what is 252 - 1117275?
-1117023
In base 3, what is 20201001210 + -1220220?
20122010220
In base 10, what is -222 + 717669?
717447
In base 2, what is 10101000 - 1101000101010010?
-1101000010101010
In base 14, what is -1c1 + -bd47?
-c128
In base 11, what is 753a + 2234?
9773
In base 14, what is 4 + -50cb83?
-50cb7d
In base 16, what is -f4 + 1ef10?
1ee1c
In base 12, what is 2 - -90b212?
90b214
In base 7, what is 124364 - 436?
123625
In base 6, what is -121524 + -221352?
-343320
In base 12, what is -4448421 - -4?
-4448419
In base 12, what is 2 - 3123b275?
-3123b273
In base 9, what is -50 - 15487417?
-15487467
In base 7, what is 434025 - 150?
433545
In base 3, what is 1002212200010002 - 10?
1002212200002222
In base 11, what is -a - -603106?
6030a7
In base 7, what is -516 + -255313?
-256132
In base 4, what is -3011202323032 + 2?
-3011202323030
In base 5, what is -22444 + 43124?
20130
In base 12, what is -580 - -aa966?
aa3a6
In base 14, what is -9489 - 799?
-9c44
In base 2, what is -110001 + -1110100001100101111?
-1110100001101100000
In base 15, what is 3 - -60be561?
60be564
In base 12, what is -163 - 67686?
-67829
In base 16, what is 42 - -3d7cff?
3d7d41
In base 14, what is 112d - -405?
1534
In base 8, what is 12171041 + 3?
12171044
In base 14, what is -5 - 5035939?
-5035940
In base 10, what is 48731 - -461?
49192
In base 14, what is a + -d4424?
-d4418
In base 9, what is -3570 + 504?
-3065
In base 3, what is -200202212121021 + -1?
-200202212121022
In base 4, what is -331 + 300132333210?
300132332213
In base 10, what is 1825936 + 41?
1825977
In base 5, what is -3143202113 + -13?
-3143202131
In base 16, what is -9 + -2aef014?
-2aef01d
In base 16, what is -a + -6bc94?
-6bc9e
In base 10, what is 6232340 - 3?
6232337
In base 5, what is 4 + -1001103321142?
-1001103321133
In base 8, what is 40351 - -14773?
55344
In base 11, what is 1665 + 44320?
45985
In base 6, what is 310 + 324415322?
324420032
In base 7, what is -310611006 - -2?
-310611004
In base 16, what is -f878fb0 + 3?
-f878fad
In base 2, what is -1000111100110100111 + -11100?
-1000111100111000011
In base 12, what is 3130786 + 4?
313078a
In base 15, what is 870201b4 + -1?
870201b3
In base 7, what is 1546152256 - -2?
1546152261
In base 4, what is -2 - -111023333203131?
111023333203123
In base 11, what is -68 - -152359?
1522a1
In base 9, what is 56215 + 802?
57117
In base 16, what is -2 - 3198c8?
-3198ca
In base 5, what is -14422 + 42430?
23003
In base 9, what is 4 + -10165005?
-10165001
In base 4, what is -33301310012 - -23?
-33301303323
In base 12, what is -3530 + -706?
-4036
In base 4, what is -11 - -11300310333?
11300310322
In base 10, what is 152 - 24029?
-23877
In base 11, what is -32003 - -385?
-31729
In base 14, what is 2 + -3d79bbd4?
-3d79bbd2
In base 11, what is -98187 + -51?
-98228
In base 6, what is 250155 + -55?
250100
In base 14, what is c92c9 - 1d?
c92aa
In base 13, what is b0b13 + -90?
b0a53
In base 12, what is -1 - 654927b?
-6549280
In base 13, what is 8b294 - -217?
8b4ab
In base 2, what is -10011011 + 10000001101011110011011?
10000001101011100000000
In base 2, what is -100000 + -10110011111100011011?
-10110011111100111011
In base 15, what is -41470e - -4?
-41470a
In base 10, what is -355384 - -14?
-355370
In base 11, what is -41703 + 2451?
-3a262
In base 16, what is -1644f25 + a?
-1644f1b
In base 7, what is 0 + -36511234?
-36511234
In base 3, what is -2221010 - -1200201102?
1120210022
In base 2, what is -1 + -1000000111100100111000?
-1000000111100100111001
In base 2, what is -100 + 100001011000001111100111?
100001011000001111100011
In base 13, what is 257 + 7b3?
a3a
In base 12, what is -1 - 8a0453?
-8a0454
In base 9, what is 34 + 25228?
25263
In base 9, what is -142367005 - -4?
-142367001
In base 3, what is -11012211201002221 - 10?
-11012211201010001
In base 16, what is 95dea6 + -4?
95dea2
In base 6, what is -5431111103 + -1?
-5431111104
In base 15, what is -b1e479 + -5?
-b1e47e
In base 10, what is 37078 + 179?
37257
In base 8, what is -1 - 36030070?
-36030071
In base 10, what is -865309 - 62?
-865371
In base 7, what is 12212266355 - -3?
12212266361
In base 15, what is -5 + 1c0582?
1c057c
In base 2, what is 10001110000000101010110 + -101?
10001110000000101010001
In base 6, what is 50541514 - -1?
50541515
In base 14, what is -88 + -272550?
-2725d8
In base 16, what is -46e2f9 - -d?
-46e2ec
In base 11, what is -15497 - -92?
-15405
In base 7, what is -5 + 110214526?
110214521
In base 14, what is -5 - 1bd843a?
-1bd8441
In base 4, what is 11 - 3111120001?
-3111113330
In base 10, what is 15039220 + 5?
15039225
In base 7, what is -135304 - -11304?
-124000
In base 15, what is -34d74 + 1a?
-34d59
In base 13, what is 1554 - 22b6?
-a62
In base 10, what is -684 - 120735?
-121419
In base 7, what is -3 + 11561041?
11561035
In base 11, what is -132 + 169002?
168980
In base 7, what is 5640641061 + -2?
5640641056
In base 2, what is 1 - -10000100111011011011001?
10000100111011011011010
In base 2, what is -101110001 + -101110111001001011000?
-101110111001111001001
In base 15, what is -44c6 - 7c6?
-4c9c
In base 2, what is 1000010101011101001110 + -10010?
1000010101011100111100
In base 4, what is 32223300 - 11300011?
20323223
In base 8, what is 5334520 - -562?
5335302
In base 14, what is -15d554a + 3?
-15d5547
In base 8, what is 27362562 + -5?
27362555
In base 9, what is -76 - 7444?
-7531
In base 16, what is 32 + 23e23?
23e55
In base 15, what is 30e6 - 172b7?
-141c1
In base 2, what is 10100100001110010001111101110 - -110?
10100100001110010001111110100
In base 3, what is -21111210100010120 + 0?
-21111210100010120
In base 3, what is -112202122 + -1122?
-112211021
In base 9, what is 1835 + 2328?
4264
In base 10, what is 1769 + -10890?
-9121
In base 11, what is 118a5695 + -3?
118a5692
In base 14, what is b7c7 + 1a1?
b988
In base 5, what is 101414111 + 2304?
101421420
In base 2, what is -10000 + -1011100111110010110?
-1011100111110100110
In base 15, what is 893 - -15a1?
1e44
In base 3, what is 11 + -1211012021202102?
-1211012021202021
In base 8, what is -10706 - 6017?
-16725
In base 4, what is -12221202103 - -11?
-12221202032
In base 10, what is 2911 + 216862?
219773
In base 5, what is 4324302 + -20333?
4303414
In base 7, what is -4 + 2213314654?
2213314650
In base 12, what is 127 + 172ba4?
17310b
In base 12, what is 556 + -71337?
-709a1
In base 9, what is 5 + 41613372?
41613377
In base 2, what is -101101 - -100000001000001010110?
100000001000000101001
In base 2, what is -1111000000110000100100 - 0?
-11110000001100001001